t w(g) = -4*g**2 - g. What is w(x)?
-14
Suppose 3*o - 7 = 5. Let r(j) = o*j + 2 - 5*j - j. Let s be 9/((-36)/(-16)) - -1. Calculate r(s).
-8
Let p = -1 - -8. Let m(r) = -4*r + p*r + 4*r**2 - 3 - 2*r**2 + 4 - r**3. Give m(3).
1
Let i(s) = -3*s**2 + s - 15. Let j(c) = -4*c**2 + c - 14. Let y(w) = -5*i(w) + 4*j(w). What is y(0)?
19
Let z(q) be the second derivative of -q**3/3 - 3*q**2 - q - 24. Calculate z(-4).
2
Let r(y) = -y**3 - 4*y**2 + 2*y - 4. Let i be 20*(3/6)/(4/4). Suppose 12 = -2*o + d, 5*d - 5 - i = o. Calculate r(o).
11
Suppose -11*m + 9*m = -4. Let f(u) = -17*u + 2*u**m - u**2 - u**3 + 19*u + 2 + 2*u**2. What is f(3)?
8
Let x(h) = 2*h - 17. Let v = 68 + -60. What is x(v)?
-1
Let x(m) = -20*m + 26. Let b(r) = -51*r + 53. Let y(a) = 2*b(a) - 5*x(a). Calculate y(-9).
-6
Let q(o) = 13*o - 20. Let n(z) = 7*z - 11. Let p(s) = 11*n(s) - 6*q(s). Let f(d) = -d**2 + 2*d + 2. Let b be f(3). What is p(b)?
0
Let p(o) = o**3 + 3*o**2 - 4*o - 2. Suppose -5 - 4 = 3*n. Let k be ((-2)/n)/(2/(-9))*1. Determine p(k).
10
Let b(m) be the second derivative of -m**4/4 - m**3/2 - m**2/2 - 2*m. Let g = 662 + -664. Give b(g).
-7
Let b(t) = -4*t + 3. Let g(f) = -5*f + 4. Let m(p) = -3*b(p) + 2*g(p). Suppose -2*s + 9 = 115. Let d = s + 55. What is m(d)?
3
Let g(p) = -p - 1. Let l(w) = -w**3 - 3*w**2 + 5*w + 4. Let q(a) = 2*g(a) - l(a). Determine q(-4).
6
Let t(z) = z**3 + z**2 + 2. Let u be t(-2). Let p be 2/u*(3 + 3). Let j(a) = a**2 + 3*a - 8. What is j(p)?
10
Let n(f) be the second derivative of -f**5/20 + f**4/2 - f**3/2 - 39*f + 3. Give n(5).
10
Let c = -6 - -10. Suppose -c*g = -0*g - 24. Let x(l) = 2 + 4*l**2 - l + g*l - l**3 + 1. Determine x(5).
3
Suppose 2*s + 3*s = 30. Let u(l) = -29 - 19 - l - 27 + 83. What is u(s)?
2
Let k(l) = l**3 - 3*l**2 + l - 4. Suppose 17*v - 47 = 4. Calculate k(v).
-1
Let p(i) = i**2 - 9*i - 10. Let g be p(10). Let q(o) = -5*o**2 - o - 26. Let n(f) = 4*f**2 + f + 25. Let v(u) = 6*n(u) + 5*q(u). What is v(g)?
20
Let h(z) = -z**3 - 4*z**2 + 4*z - 1. Suppose 4*n - 16 = 3*y, 2*n = -48*y + 50*y + 10. What is h(y)?
-17
Let y = -1391 + 1394. Let u(m) = -m**2 + 5*m - 5. Calculate u(y).
1
Let g = 0 + 0. Let r(j) = g + 5*j - 4*j + 8. Let u(n) = n**3 - 12*n**2 - 5. Let t be u(12). Calculate r(t).
3
Let g = -2751 - -2754. Let v(d) be the first derivative of -d - 1/2*d**2 + g. Give v(7).
-8
Let f(g) = -3*g + 4. Suppose -2*a = -6, -2*a + 8 = -m + 2. Suppose 0 = -3*v + 3*n + 33, m = 4*v - 4*n + 3*n - 29. Give f(v).
-14
Suppose -u = -0*u + 5. Let m(h) be the third derivative of -h**6/120 - h**5/12 - 5*h**3/6 - 126*h**2. Determine m(u).
-5
Let l(k) = -k**2 + 14*k - 2. Let r(s) = s**2 - 5*s + 14. Let v be r(5). Determine l(v).
-2
Suppose 125 = j - 18. Let x = 149 - j. Let l(s) = s**2 - 6*s + 3. Give l(x).
3
Suppose 30*n - 54 = 21*n. Let p(y) be the second derivative of -2/3*y**3 + 0 + 1/12*y**4 + n*y - 2*y**2. Determine p(4).
-4
Let l(p) = 3*p**2 - 4*p - 7. Let y be l(-3). Let t(f) = -68*f + 35*f + y*f. What is t(-6)?
6
Let i(m) = 3*m**3 + 5*m**2 + 2*m + 9. Let s(t) = 4*t**3 + 8*t**2 + 3*t + 14. Let z(k) = -7*i(k) + 5*s(k). Determine z(5).
12
Let v(m) = m**2 - 3*m - 10. Let f(o) = -2*o**2 + 7*o + 20. Let n(x) = 3*f(x) + 5*v(x). What is n(7)?
3
Let r(g) be the first derivative of -g**4/2 + g**2 - 3. Let c(q) = -7*q - 54. Let s be c(-8). Calculate r(s).
-12
Let q(x) = 4*x - 1. Suppose 10*n - 101 = -381. Let b = -30 - n. Give q(b).
-9
Let a(l) be the first derivative of -l**5/60 + l**4/4 + 12*l**3 + 20. Let r(q) be the third derivative of a(q). Let p be ((-1)/(-2))/((-2)/(-24)). What is r(p)?
-6
Let f(j) = 152 + j**2 + 10*j + 160 - 292. Calculate f(-8).
4
Let c(d) = 2*d**3 + 27*d - 9*d + 3 - 16*d - 5*d**2. Determine c(3).
18
Let a(j) = 2*j + 1. Let g(x) = -3. Let f(n) = -a(n) + 2*g(n). Give f(10).
-27
Suppose -2*c - 5*v - 49 = -6*c, -4*c + v + 29 = 0. Suppose -r - 2*r = -c. Let z(p) = 5*p**2 - 4*p + 2. What is z(r)?
14
Let v be (-7)/(14/2)*1*-1. Let y(x) = x. Let u(o) = 1. Let k(z) = u(z) - y(z). What is k(v)?
0
Let y(r) = 2*r - 3. Suppose -3*m + 14 = -49. Let g = m + -24. What is y(g)?
-9
Let f(r) = -4*r + 64. Let l(v) = -5*v + 77. Let t(d) = -6*f(d) + 5*l(d). Let k = -5 - -10. Give t(k).
-4
Let o(t) = 4*t**2 + 1 + 0 + 8 - 4*t**2 - t**2. Let a = 0 - 0. Calculate o(a).
9
Let b be (-5)/3*(30 + -32). Let q(t) be the first derivative of 1/2*t**2 + b*t**3 - t + 1. Give q(1).
10
Let y(h) be the first derivative of 6*h**2 + 9*h + 416. What is y(-4)?
-39
Suppose -4*t + 3 + 5 = 0. Suppose t*j = 3*j - 3*i + 18, -2*j - 2*i = 76. Let g = 38 + j. Let v(c) = c**3 - 4*c**2 - 4*c + 6. Give v(g).
11
Let g(m) = -199 + 197 + 4*m - 3*m. Let d(f) = -6*f + 11. Let b(v) = -2*d(v) - 11*g(v). Determine b(5).
5
Let i(s) = 2*s + 3. Suppose 0 = 147*k - 154*k - 21. Give i(k).
-3
Suppose 5*g + 1946 - 1941 = 0. Let w(n) = -20*n - 1. Give w(g).
19
Let t(q) = -q**3 + 4*q**2 - 2*q - 5. Let s be (2 - 1)/(-4) + (-2892)/(-48). Suppose d + s = 16*d. Give t(d).
-13
Let c(p) = 6*p**2 + 3*p. Let r(y) = y**2 - 17*y - 55. Let n be r(-5). Let t = n + -57. Determine c(t).
18
Let p = -9 - -10. Let m be (p - -1)/(10/15). Suppose -12 = 5*s + 4*g + m, 0 = -5*s + 2*g + 15. Let f(u) = -14*u + 1. Determine f(s).
-13
Let g be (4/10 + 48/(-20))*2. Let r(k) = k**2 + 5*k + 1. What is r(g)?
-3
Suppose 24*m - 28*m = 4. Let y be m/4 - 276/48. Let v(h) = h**3 + 6*h**2 + h - 7. Calculate v(y).
-13
Let v(f) be the second derivative of f**4/12 + 2*f**3 + 5*f**2 + f + 30. Determine v(-8).
-22
Let s(o) be the second derivative of o**2 + 7/6*o**3 - o - 1/12*o**4 + 11. What is s(7)?
2
Let a(n) be the third derivative of n**8/10080 - n**7/840 + n**6/240 - 7*n**5/30 + 3*n**2. Let t(l) be the third derivative of a(l). Calculate t(4).
11
Suppose 0 = 7*q - 1 - 13. Let g(m) be the second derivative of q*m + 1/2*m**3 + 0 + 2*m**2 - 1/12*m**4. What is g(4)?
0
Suppose 0 = -2*s - v + 21, -4*s + 3*v + 75 = 18. Suppose 0 = 11*n - s*n + 6. Let d(q) = q**2 - 7*q + 6. Give d(n).
0
Let b be (-1 - -6) + (-3 - -4). Let d(l) = l + 13. Let s be d(b). Let i(c) = -s + 4*c + 0*c + 23. Determine i(-4).
-12
Suppose 3*u + 0*u = -18. Let x = u + 6. Let y(f) = -f - 7. Give y(x).
-7
Let r(h) be the third derivative of -h**4/24 - h**3/2 + 3*h**2. Let a be (3 - 3) + -4 + 11. Suppose u - 1 + a = -m, -4*m - 2*u - 22 = 0. What is r(m)?
2
Suppose 3*a = 3*v + 9, -1 = -3*v + 4*a - 7. Let k be 32/v*(-15)/10. Let y(f) = -8*f + 3 - 7*f**2 + 6*f**2 - k. What is y(-6)?
7
Let y(h) = h**2 - 4*h + 1. Suppose -39 + 7 = -4*j. Suppose 9 = j*x - 31. What is y(x)?
6
Let g(f) be the second derivative of -f**5/15 - 13*f**3/6 + 9*f. Let z(i) be the second derivative of g(i). What is z(-1)?
8
Let t = 3 + 0. Let d(g) be the third derivative of g**6/120 - g**5/20 + g**3/2 - 18*g**2 + 1. Let v be d(t). Let b(p) = p**3 - 4*p**2 + 5*p - 2. Determine b(v).
4
Let n(h) = 4*h**2 + 20*h**3 - 23*h**3 + 4*h**3 + 1 - 3*h. Determine n(-5).
-9
Suppose 3*o = -3, 0 = -2*h - 5*o - 0 + 7. Suppose 3*f = -2*i + 3, i + h = -3*f + 2*i. Let u(r) = 0 + 2 - 7*r - 1. Determine u(f).
8
Let a = -4 - -6. Suppose a*w - l = 11, 3*l = -w - 0*l + 2. Let u(m) = -m**2 + 3*m + 7. What is u(w)?
-3
Let c(r) be the third derivative of r**6/120 + r**5/10 - r**3 + r**2. Let o(h) = -h**3 - 4*h**2 + 3. Suppose -1 - 14 = 5*p. Let t be o(p). What is c(t)?
-6
Let v(o) be the third derivative of o**4/24 + 2*o**3/3 - 199*o**2 - 1. What is v(4)?
8
Let x(d) be the third derivative of -d**4/8 + d**3/2 - 17*d**2. What is x(2)?
-3
Let c(m) = -m - 5. Let n be 10 - ((-1 - (3 - 2)) + 5). Give c(n).
-12
Let a(f) be the third derivative of -f**6/240 - 7*f**5/120 - 3*f**4/4 + 16*f**2. Let b(l) be the second derivative of a(l). What is b(-5)?
8
Let j(u) = -u**2 + 6*u + 5. Suppose 0 = 4*c - 3*l - 184, -3*l = -3*c + 174 - 33. Suppose 5*i - c = -3. Calculate j(i).
-11
Let m(b) = 7*b**2 - 1. Let f(j) = 5*j**2 + 4 + 37*j - 4 - j**3 + 1 - 41*j. Suppose 0 = -d - 0*d + 4. Let t be f(d). What is m(t)?
6
Let k be ((-1 + -15)/(-8))/(3 + 1). Let m(c) be the first derivative of -c**3 - c + 6 + k*c**2. Give m(1).
-3
Suppose -r - 20 = 4*r. Let k(u) = 4*u**2 + 128*u + 112*u - 243*u + u**3 - 5. What is k(r)?
7
Let d(x) be the second derivative of 4*x**3/3 + 67*x**2/2 - 8*x - 2. Let s be d(-9). Let c(n) = -n**2 - 2*n + 6. What is c(s)?
-9